be the third derivative of q**7/2520 - q**5/30 - q**4/4 - 7*q**2. Let j(n) be the second derivative of d(n). Determine j(-3).
5
Suppose 4*o + 15 = 2*h - o, o + 3 = 5*h. Let p(z) be the third derivative of -1/8*z**4 + z**2 + 0*z - 1/60*z**5 + 1/3*z**3 + 1/120*z**6 + h. Determine p(2).
0
Suppose 3*x + 15 = -2*o + 6*o, 3*o - x = 10. Let f(h) = -3*h + 1 + 2*h**2 + 0 + o*h. What is f(-1)?
3
Let a = 5 + 0. Let x(s) = -s**3 + a*s + 0*s + 3*s**2 - 2*s**2 - 3. Determine x(3).
-6
Let z(t) be the first derivative of 2/3*t**3 + 0*t + 1/2*t**2 + 1. What is z(-1)?
1
Let f(w) = w**3 + 2*w**2 + 0*w**3 + 4*w + 5 - 4*w**2 - 6*w**2. Give f(7).
-16
Let g(z) = 7*z - 43. Let b(n) = 6*n - 33. Let t(x) = 3*x - 17. Let h(i) = -4*b(i) + 9*t(i). Let k(j) = -2*g(j) + 5*h(j). Determine k(0).
-19
Let d(f) = 2*f**2 + 1. Let o = 20 + -18. Give d(o).
9
Let u(s) = 5*s - 6. Let d(j) = 8*j - 11. Let y(n) = 3*d(n) - 5*u(n). Give y(-6).
3
Suppose 7*n - 2*n = -20. Let m(p) = -p**3 - 4*p**2 - 1. Give m(n).
-1
Let f(w) = w - 5. Let u(z) = z**2 + 6*z + 7. Let g be u(-6). Suppose -5 - g = -3*p. Suppose 0*n = p*n. What is f(n)?
-5
Let z(d) = 3*d + d**2 - 3 + 5 + 2*d. What is z(-3)?
-4
Let f be (0 - -1) + 1 + -18. Let u be ((-2)/(-4))/((-2)/f). Let l(v) = -v - 2. Let b(k) = 2*k + 4. Let h(t) = -6*b(t) - 13*l(t). Give h(u).
6
Let d = -3/254 + 307/15240. Let z(y) be the third derivative of 0*y - 1/12*y**5 - y**2 - d*y**6 + 1/2*y**3 + 1/12*y**4 + 0. Calculate z(-5).
-7
Let s(t) be the third derivative of t**5/60 + t**4/4 + t**3/6 - 15*t**2. What is s(-7)?
8
Let k(x) be the second derivative of -3*x**3/2 - 5*x**2/2 + 2*x. Let g(z) = -5*z - 3. Let y(c) = 7*g(c) - 4*k(c). Let h = 5 - 9. Determine y(h).
-5
Let j(o) = o**3 - 2*o - 2*o**3 - 2*o**2 - 2*o**3 + 4*o**3 + 1. Give j(3).
4
Let b(k) = k**2 - 6*k + 3. Let w be 0 + 6 - (3 + (2 - 3)). Determine b(w).
-5
Let z(d) be the third derivative of d**5/30 + d**4/12 - d**3/6 + 2*d**2. What is z(1)?
3
Suppose 3*g - 9 = 0, 0 = q + 4*g - g - 3. Let o = q + 8. Let y(c) = c**3 - 3*c**2 + 4*c - 2. Give y(o).
2
Let d = -4 + 0. Let g = -7 - d. Let b(o) = o**2 + o. What is b(g)?
6
Let n(c) = -c**3 - 3*c**2 + c + 2. Let t(h) = -h**2 - 8*h - 6. Let m be t(-6). Let z be 3*m/(-9) - 0. Give n(z).
-4
Let a(x) = -x**3 + 8*x**2 - 6*x + 3. Let w be (21/(-9))/(4/(-12)). Give a(w).
10
Let x(y) = -5*y**3 - y**2 - 12*y - 10. Let o(j) = 4*j**3 + 2*j**2 + 11*j + 10. Let m(c) = -6*o(c) - 5*x(c). Determine m(8).
6
Let p(z) = 1 + z**2 + 6*z - 7*z + 6*z. Give p(-5).
1
Let q(x) = -x + 4. Let d be q(2). Suppose -4*s + d*p = -30, 2 + 3 = 2*s + p. Let y(t) = -t**3 - 7*t + 9*t + 12*t**2 - 4 - 7*t**2. What is y(s)?
6
Let w be 0*(-3)/((-18)/3). Let v(m) = m**3 - 5*m**2 + m - 3. Let g be v(5). Let l(o) = -3*o**3 + 2 - 3*o**2 + 2*o**3 + 4*o**g. What is l(w)?
2
Suppose 0 = 5*u - 8 - 12. Let n(t) be the second derivative of t - 5/2*t**2 - t**3 + 0 - 1/12*t**u. Calculate n(-5).
0
Let c(p) = -65*p + 133*p - 67*p. Calculate c(-3).
-3
Let f(g) = 2*g + 1. Let n(d) = -d - 1. Let w be n(-3). Suppose 6 + w = 2*l. Let j(x) = -x. Let v be j(l). Calculate f(v).
-7
Let c(p) be the third derivative of 1/3*p**3 + 1/12*p**5 + 0 - 1/4*p**4 - 1/120*p**6 - 6*p**2 + 0*p. Calculate c(4).
-6
Let r(b) = 3*b + 6. Let x(h) = -9*h + 1. Let z be x(1). Let c = -12 - z. Give r(c).
-6
Let d(p) = 4*p + 8. Let y(j) = j + 1. Let n = 1 + -5. Let z(o) = o + 7. Let f be z(n). Let g(w) = f*y(w) - d(w). Give g(-4).
-1
Let p(x) be the third derivative of -x**7/5040 + x**6/180 - x**5/15 - x**2. Let f(s) be the third derivative of p(s). What is f(-5)?
9
Let y(g) be the second derivative of g**4/12 - 2*g**3/3 - g**2/2 + 17*g. What is y(4)?
-1
Let w(x) = -x**2 + 9*x - 10. Suppose 0 = 3*l - 4*s - 5 - 4, 0 = 3*l - s - 18. Calculate w(l).
4
Suppose 2*m + 1 = 7. Suppose -27 = -6*g + m*g. Let b(p) = 2*p + g + 4 - 11. Calculate b(-3).
-4
Let f(x) = -6*x + 1. Suppose 0 = k - 3 + 2. What is f(k)?
-5
Let z be 0 - (-3 + -2 + 2). Suppose -z*a = -3*b, -5*b + 2*a + 1 + 5 = 0. Let v(f) = 6*f + 5*f**b + 4 - 2 + 1 + f**3. Determine v(-4).
-5
Let c(f) = -131 + 270 + 26*f**3 + f - 138 + f**2 + 0*f. Calculate c(-1).
-25
Let p(k) = k**3 - 4*k**2 - 5*k + 5. Let a be p(5). Suppose 4*g + 2 = -u + 3*g, -4*g - 13 = -u. Let b(v) = 0 + 1 - a*v - u + 1. Determine b(1).
-4
Let h = 91 + -95. Let b(w) = w + 4. Determine b(h).
0
Let u(c) = -c + 11 + c**2 + 0*c - 3. Let y be u(0). Suppose y = 2*a - 4*v, -a + 9 = 2*a - 3*v. Let w(k) = -k**3 + 2*k**2 + k. Determine w(a).
2
Let j(l) = -2*l**3 + 3*l**2 + 8*l. Let t(r) = r**3 - 3*r**2 - 6*r. Let g(h) = 3*j(h) + 4*t(h). Determine g(-2).
4
Let s(h) = -h**3 - 5*h**2 + 2*h + 6. Let g = -1 - 4. Calculate s(g).
-4
Let g(y) be the second derivative of -1/6*y**3 + 3*y - 1/2*y**2 + 0. Give g(-5).
4
Let n(x) = x**3 - x**2 + 3*x - 3. Let u be 2 - 0*(-2)/(-2). What is n(u)?
7
Let n(p) = 9*p**3. Let q(r) = -2*r - 9. Let c be q(-6). Suppose 7*i - 2*i - c*w = -8, 5*w = 5. What is n(i)?
-9
Suppose -4*h + 0*i = -3*i - 13, h = 2*i + 7. Let t = 2 - 2. Let d(x) = 0 - 12*x**2 + x + t. Calculate d(h).
-11
Let k(u) = -1. Let n(r) = r - 1. Let c(f) = k(f) + 2*n(f). Give c(2).
1
Let r(o) = -o**3 - 4*o**2 + o - 3. Let b = 17 + -14. Suppose -24 = b*z - 3*u, -2*z + 14 = -0*z + 4*u. Give r(z).
-15
Let a(k) = -5 + k + 3 + 5 - 1. Calculate a(-5).
-3
Let n(j) = -2*j**2 - 1 + 3*j**2 - 3*j**2 - 4*j**3 + 4*j**2. Give n(1).
-3
Let t be 28/6 - 3/(-9). Let y(s) = s**2 - 3*s - 6. Let m be y(t). Suppose q - 9 = m*q. Let z(n) = n**2 + 2*n + 3. Determine z(q).
6
Let c(t) be the third derivative of -1/24*t**5 + 0*t**4 + 0*t + 3*t**2 + 0 - 1/3*t**3. Let w(q) be the first derivative of c(q). What is w(1)?
-5
Let f = 8 + -3. Let l = -3 + f. Let s(p) = 3 - 3*p + 3*p**2 + 0*p**2 - 2*p**l. What is s(2)?
1
Let m be (3 - 4)*(-4)/2. Suppose m = -f, 5*z + f - 38 = 5*f. Let s(i) = i - 5. Calculate s(z).
1
Let j be 2 + ((-56)/2)/(-4). Let v = j + -11. Let s(n) = -n**2 - 1. What is s(v)?
-5
Let u(s) = s**2 + 8*s + 1. Let w(a) = a - 1. Let i(b) = -u(b) - 3*w(b). What is i(-11)?
2
Let n(c) = -2 - 5*c + 0 + 3*c + 3*c. Determine n(-3).
-5
Let k(v) be the third derivative of -v**4/8 - v**3/6 + 20*v**2. Calculate k(-2).
5
Let x = -12 + 17. Suppose 0 = -k + 4*v - 1, x*k + v - 2*v - 14 = 0. Suppose -4 = a - k. Let s(i) = -4*i**3 - i**2. Give s(a).
3
Suppose 2*b = -2*b + 8. Let q(w) = -6*w + 3*w**2 - 5*w**b + 4 + 3*w**2. Let d(y) = 2*y**2 + 5*y - 8. Let k be d(-4). Calculate q(k).
-4
Let v(m) be the first derivative of -m**4/4 - 4*m**3/3 + 5*m**2/2 - 2. What is v(-5)?
0
Let b(x) = x**3 - x**2 + x + 4. Suppose -2*w + 2*p = -0*w, 0 = 5*w + p. Determine b(w).
4
Let c(q) be the first derivative of 5/2*q**2 - q - 4. What is c(1)?
4
Let z(c) be the first derivative of 1/3*c**3 + 1 - 1/360*c**6 - 1/24*c**5 + 0*c + 0*c**2 - 1/4*c**4. Let r(j) be the third derivative of z(j). Give r(-5).
-6
Let h(s) = -s**3 + s**2. Let v be h(1). Suppose 4*p + 12 = -4*g + 2*g, -2*p = -4*g + 16. Let j(k) = 2*k - k - 2 + k**2 - g*k**2. Give j(v).
-2
Let h(g) = 4*g - 1. Suppose p - 5*p - x = -22, -5*x = -10. Suppose 0 = -p*a + 5*z + 10, 0 = a - 0*z + z + 4. Determine h(a).
-5
Let s = 0 + 3. Let g(i) = -i + 2. What is g(s)?
-1
Let c(k) be the third derivative of -k**5/10 + k**4/24 - 2*k**2. Let p(z) = z**3 + 6*z**2 + 6*z + 6. Let q be p(-5). Suppose -r = -2*r + q. Calculate c(r).
-5
Let g(l) = -2*l - 1 + 0*l - 26. Let r(w) = w + 14. Let m(f) = 6*g(f) + 11*r(f). Let j(b) = b**3 - 14*b**2 - 2*b + 24. Let x be j(14). Calculate m(x).
-4
Let n(a) = a**2 - 3*a + 3. Let o be 6*8/12 - 2. Let j be n(o). Let m(l) be the first derivative of -7*l**3/3 - l**2 + l + 1. Determine m(j).
-8
Let w(i) = i**3 - 2*i**2 - 2*i - 4. Suppose p - 4*p + 3 = 3*n, -2*p = -3*n - 12. Let j be w(p). Let h(v) = -9*v. Calculate h(j).
9
Suppose 5*t + 0*t = -5*g - 20, 5*t + 16 = -g. Let b(r) = r + 2. Give b(t).
-1
Let d(u) be the first derivative of 6 - 2*u**2 - 9 + 7*u + 5 + u**2. Calculate d(6).
-5
Suppose -3*u + 4 = 10. Let n(z) = z + 5. Let w(m) = 1. Suppose l - 21 = -7. Let k(g) = l*w(g) + u*n(g). What is k(5)?
-6
Suppose 4*m - 9 = -3*p, -2 = -2*p - 4. Suppose -5*n = -2*h + 5, 0*n + m*h = n + 14. Let b(o) = -5*o - 1. Give b(n).
-6
Suppose 0 = 5*a - 0*a + 5. Let x(c) = -2*c - c + 2*c. Let d(g) = g**2 + 7*g. Let b(s) = a*d(s) - 6*x(s). D